{"id":320,"date":"2019-02-04T11:14:33","date_gmt":"2019-02-04T10:14:33","guid":{"rendered":"http:\/\/rnop.ovh\/?page_id=320"},"modified":"2020-07-18T19:05:27","modified_gmt":"2020-07-18T17:05:27","slug":"gestion","status":"publish","type":"page","link":"https:\/\/rnop.ovh\/?page_id=320","title":{"rendered":"Gestion"},"content":{"rendered":"\n<h2>Une aulnaie mar\u00e9cageuse \u00e0 Ploegsteert.<\/h2>\n\n\n\n<figure class=\"wp-block-image\"><img loading=\"lazy\" width=\"645\" height=\"915\" src=\"http:\/\/rnop.ovh\/wp-content\/uploads\/2020\/07\/aulnaie.jpg\" alt=\"\" class=\"wp-image-702\" srcset=\"https:\/\/rnop.ovh\/wp-content\/uploads\/2020\/07\/aulnaie.jpg 645w, https:\/\/rnop.ovh\/wp-content\/uploads\/2020\/07\/aulnaie-211x300.jpg 211w\" sizes=\"(max-width: 645px) 100vw, 645px\" \/><figcaption>  <em><strong>D\u00e9pressage dans une aulnaie <\/strong><\/em> <em><strong>en Champagne-Ardenne<\/strong><\/em> <\/figcaption><\/figure>\n\n\n\n<p>Projet de boisement d\u2019une argili\u00e8re dans la<br> R\u00e9serve Naturelle et Ornithologique de<br> Ploegsteert  (RNOP) \u2013 Juillet 2020<\/p>\n\n\n\n<p>Yves Dubuc<br><\/p>\n\n\n\n<h3><strong>Introduction<\/strong><\/h3>\n\n\n\n<p>Les Briqueteries de Ploegsteert, propri\u00e9taires de la R\u00e9serve Naturelle et Ornithologique de Ploegsteert, ont entam\u00e9 en 2016 l\u2019excavation d\u2019une nouvelle argili\u00e8re. La fosse 4, ainsi d\u00e9nomm\u00e9e par l\u2019exploitant, se trouve de l\u2019autre c\u00f4t\u00e9 de la RN58 par rapport \u00e0 la RNOP.<\/p>\n\n\n\n<figure class=\"wp-block-image\"><img loading=\"lazy\" width=\"543\" height=\"427\" src=\"http:\/\/rnop.ovh\/wp-content\/uploads\/2020\/07\/rnopaero.jpg\" alt=\"\" class=\"wp-image-703\" srcset=\"https:\/\/rnop.ovh\/wp-content\/uploads\/2020\/07\/rnopaero.jpg 543w, https:\/\/rnop.ovh\/wp-content\/uploads\/2020\/07\/rnopaero-300x236.jpg 300w\" sizes=\"(max-width: 543px) 100vw, 543px\" \/><figcaption>Ci-dessus, une vue a\u00e9rienne du site en 2019. <br> <\/figcaption><\/figure>\n\n\n\n<p>Nous\nprojetons de boiser enti\u00e8rement cette zone d\u2019une superficie de 15\nhectares (\u00e0 droite de la RN58 sur la prise de vue a\u00e9rienne\nci-dessus, avec un contour en jaune) et ce au fur et \u00e0 mesure de\nl\u2019avancement de l\u2019extraction.<\/p>\n\n\n\n<h4>Le boisement<\/h4>\n\n\n\n<ol><li>\nInspiration\n\t\tet motivation\n\t<\/li><\/ol>\n\n\n\n<p>Autant la litt\u00e9rature abonde d\u2019exemples d\u00e9taillant les diff\u00e9rentes fa\u00e7ons de g\u00e9rer une roseli\u00e8re dans une zone humide, autant il est difficile de trouver des ant\u00e9c\u00e9dents sur l\u2019opportunit\u00e9 de boiser une argili\u00e8re. <br>\nNous savons par exp\u00e9rience qu\u2019une argili\u00e8re laiss\u00e9e \u00e0 elle-m\u00eame apr\u00e8s exploitation se transforme en quelques ann\u00e9es en un bassin d\u2019eau libre dont la profondeur peut atteindre les quatre m\u00e8tres, ce qui ne laisse que peu de place \u00e0 la biodiversit\u00e9. <br>\nLorsque la profondeur d\u2019eau est maintenue par pompage \u00e0 un niveau souhaitable pour le d\u00e9veloppement des roseli\u00e8res, nous avons pu observer que les fonds d\u2019argili\u00e8re sont rapidement envahis par les saules et bouleaux sur les parties les moins engorg\u00e9es. Sans intervention, au bout d\u2019une dizaine d\u2019ann\u00e9es, les roseli\u00e8res ont d\u00e9j\u00e0 fortement r\u00e9gress\u00e9. Apr\u00e8s 20 ans, elles couvrent moins de la moiti\u00e9 de leur surface initiale et le processus tend \u00e0 s\u2019accentuer encore par la suite.<\/p>\n\n\n\n<figure class=\"wp-block-image\"><img loading=\"lazy\" width=\"1024\" height=\"683\" src=\"http:\/\/rnop.ovh\/wp-content\/uploads\/2020\/07\/roseliere-1024x683.jpg\" alt=\"\" class=\"wp-image-706\" srcset=\"https:\/\/rnop.ovh\/wp-content\/uploads\/2020\/07\/roseliere-1024x683.jpg 1024w, https:\/\/rnop.ovh\/wp-content\/uploads\/2020\/07\/roseliere-300x200.jpg 300w, https:\/\/rnop.ovh\/wp-content\/uploads\/2020\/07\/roseliere-768x512.jpg 768w, https:\/\/rnop.ovh\/wp-content\/uploads\/2020\/07\/roseliere.jpg 1386w\" sizes=\"(max-width: 706px) 89vw, (max-width: 767px) 82vw, 740px\" \/><figcaption> <em><strong>La roseli\u00e8re disparait progressivement suite \u00e0 l\u2019envahissement<\/strong><\/em> <em><strong>par les saules et les bouleaux<\/strong><\/em> <\/figcaption><\/figure>\n\n\n\n<p>Il est clair que le maintien de roseli\u00e8res pures dans ces parcelles, dont l\u2019exploitant confie la gestion \u00e0 la RNOP, ne semble pas r\u00e9alisable sans d\u2019importants travaux de grue de type \u00e9tr\u00e9page.<\/p>\n\n\n\n<p>Comme l\u2019utilisation d\u2019herbicides n\u2019est pas envisageable et que nous ne souhaitons pas d\u2019interventions m\u00e9caniques lourdes, nous avons choisi de boiser toute cette zone, sans attendre la fin de l\u2019exploitation du site, et ce de mani\u00e8re \u00e0 contrer l\u2019envahissement par les saules d\u00e9j\u00e0 bien avanc\u00e9 en 2020 sous forme d\u2019un abondant tapis de semis spontan\u00e9s haut de 20 cm \u00e0 plus d\u2019un m\u00e8tre par endroits.<br>\nNotre choix est \u00e9galement motiv\u00e9 par notre volont\u00e9 de cr\u00e9er des habitats les plus diversifi\u00e9s possibles au sein de la R\u00e9serve&nbsp;: roseli\u00e8res, m\u00e9gaphorbiaies, saulaies entrecoup\u00e9es de petites roseli\u00e8res, plans d\u2019eau libre et boisements purs avec mares foresti\u00e8res. Avec cette aulnaie mar\u00e9cageuse, nous allons cr\u00e9er un habitat rare en Wallonie qui devrait nous apporter tout un cort\u00e8ge d\u2019esp\u00e8ces nouvelles.<\/p>\n\n\n\n<p>1.2 Nature du sol<\/p>\n\n\n\n<p>Dans\nle fond des argili\u00e8res, nous retrouvons un sol limoneux\/argileux\ntotalement engorg\u00e9. La couleur grise du substrat est caract\u00e9ristique\ndu gley ou pseudogley. \n<\/p>\n\n\n\n<p>Le profil de sol brusquement mis \u00e0 nu suite \u00e0 l\u2019extraction, 7 \u00e0 8 m\u00e8tres sous le niveau des terres agricoles initiales, pr\u00e9sente une grande pauvret\u00e9 en nutriment. Peu d\u2019esp\u00e8ces v\u00e9g\u00e9tales tol\u00e8rent ce type de sol pauvre et engorg\u00e9.<\/p>\n\n\n\n<p>Un avantage toutefois \u00e0 cette situation pour notre boisement : pas de stress hydrique en p\u00e9riode estivale. Ce qui repr\u00e9sente un atout certain compte tenu des bouleversements climatiques que nous connaissons.<br><\/p>\n\n\n\n<p> 1.3 Quelles essences d\u2019arbre planter&nbsp;?<\/p>\n\n\n\n<p>Esp\u00e8ce typiquement pionni\u00e8re, le saule cendr\u00e9 ou saule gris (Salix cinerea) s\u2019implante spontan\u00e9ment d\u00e8s les premi\u00e8res ann\u00e9es, ainsi que le bouleau verruqueux (Betula pendula) et d\u2019autres types de saules. Nous luttons partout dans la RNOP contre l\u2019envahissement par les saules. Il ne serait donc pas coh\u00e9rent de vouloir maintenir cette esp\u00e8ce en grand nombre dans notre futur boisement. Le bouleau verruqueux quant \u00e0 lui p\u00e9riclite au bout d\u2019une dizaine d\u2019ann\u00e9e, probablement victime de l\u2019asphyxie du sol.<\/p>\n\n\n\n<p>La\nseule esp\u00e8ce parfaitement adapt\u00e9e aux sols pauvres et engorg\u00e9s &#8211;\nses racines doivent m\u00eame \u00eatre en contact direct avec la nappe\nphr\u00e9atique &#8211; est sans conteste l\u2019aulne glutineux (<em>Alnus\nglutinosa<\/em>). Il\npr\u00e9f\u00e8re toutefois un sol ressuy\u00e9 en surface durant la p\u00e9riode de\nv\u00e9g\u00e9tation.<\/p>\n\n\n\n<p>Il peut atteindre 20 \u00e0 25 m\u00e8tres de haut avec un port pyramidal mais la taille moyenne est de 10 \u00e0 15 m\u00e8tres. C\u2019est une esp\u00e8ce typique des bords de rivi\u00e8re et des zones mar\u00e9cageuses. <br>\nMalgr\u00e9 son caract\u00e8re d\u2019esp\u00e8ce pionni\u00e8re, les conditions favorables sont rarement atteintes pour les semis spontan\u00e9s dans le fond des argili\u00e8res. La plantation est donc n\u00e9cessaire.<br>\nC\u2019est une esp\u00e8ce h\u00e9liophile, disparaissant lorsque s\u2019installent des essences \u00e0 haut pouvoir de concurrence comme le ch\u00eane.<br>\nIndiff\u00e9rent \u00e0 la richesse du sol, l\u2019aulne conna\u00eet une bonne croissance d\u00e8s la premi\u00e8re ann\u00e9e. Son fort d\u00e9veloppement d\u00e8s la troisi\u00e8me ann\u00e9e permettra d\u2019\u00e9touffer litt\u00e9ralement les saules qui se trouveront sous son couvert. <\/p>\n\n\n\n<ul class=\"wp-container-2 wp-block-gallery-1 wp-block-gallery columns-2 is-cropped\"><li class=\"blocks-gallery-item\"><figure><img loading=\"lazy\" width=\"450\" height=\"600\" src=\"http:\/\/rnop.ovh\/wp-content\/uploads\/2020\/07\/aulnde.jpg\" alt=\"\" data-id=\"707\" class=\"wp-image-707\" srcset=\"https:\/\/rnop.ovh\/wp-content\/uploads\/2020\/07\/aulnde.jpg 450w, https:\/\/rnop.ovh\/wp-content\/uploads\/2020\/07\/aulnde-225x300.jpg 225w\" sizes=\"(max-width: 450px) 100vw, 450px\" \/><\/figure><\/li><li class=\"blocks-gallery-item\"><figure><img loading=\"lazy\" width=\"443\" height=\"626\" src=\"http:\/\/rnop.ovh\/wp-content\/uploads\/2020\/07\/planche-1.jpg\" alt=\"\" data-id=\"709\" data-link=\"http:\/\/rnop.ovh\/?attachment_id=709\" class=\"wp-image-709\" srcset=\"https:\/\/rnop.ovh\/wp-content\/uploads\/2020\/07\/planche-1.jpg 443w, https:\/\/rnop.ovh\/wp-content\/uploads\/2020\/07\/planche-1-212x300.jpg 212w\" sizes=\"(max-width: 443px) 100vw, 443px\" \/><\/figure><\/li><\/ul>\n\n\n\n<p>De plus, l\u2019aulne glutineux est capable de fixer l\u2019azote atmosph\u00e9rique dans des nodosit\u00e9s au niveau de ses racines et permet ainsi d\u2019enrichir le sol. Ce qui pourra profiter aux arbres qui l\u2019accompagnent ou lui succ\u00e8deront.<\/p>\n\n\n\n<figure class=\"wp-block-image\"><img loading=\"lazy\" width=\"800\" height=\"576\" src=\"http:\/\/rnop.ovh\/wp-content\/uploads\/2020\/07\/nodosite.jpg\" alt=\"\" class=\"wp-image-710\" srcset=\"https:\/\/rnop.ovh\/wp-content\/uploads\/2020\/07\/nodosite.jpg 800w, https:\/\/rnop.ovh\/wp-content\/uploads\/2020\/07\/nodosite-300x216.jpg 300w, https:\/\/rnop.ovh\/wp-content\/uploads\/2020\/07\/nodosite-768x553.jpg 768w\" sizes=\"(max-width: 706px) 89vw, (max-width: 767px) 82vw, 740px\" \/><figcaption>Nodosit\u00e9s sur racine d\u2019aulne glutineux.<\/figcaption><\/figure>\n\n\n\n<p>L\u2019aulne repr\u00e9sentera 80% des plantations initiales de mani\u00e8re \u00e0 permettre l\u2019enrichissement du sol sur la quasi-totalit\u00e9 du site. Les 20% restants seront constitu\u00e9s par le ch\u00eane p\u00e9doncul\u00e9 (Quercus robur), le bouleau pubescent (Betula pubescens) et l\u2019\u00e9rable sycomore <br>\n(Acer pseudoplatanus). Ces trois derni\u00e8res esp\u00e8ces tol\u00e8rent \u00e9galement un certain engorgement du sol. <br>\nA terme, le d\u00e9veloppement rapide de l\u2019aulnaie devrait entra\u00eener un abaissement de la nappe phr\u00e9atique et permettre alors une diversification plus grande des plantations apr\u00e8s d\u00e9pressage. Pourraient notamment \u00eatre plant\u00e9s&nbsp;: le charme (Carpinus betulus), le ch\u00eane sessile (Quercus petrea) et certaines esp\u00e8ces de peupliers.<br>\nC\u00f4t\u00e9 arbuste, seront aussi test\u00e9s&nbsp;: le cerisier \u00e0 grappe (Prunus padus) et la bourdaine (Rhamnus frangula).<br>\nSur les berges de l\u2019argili\u00e8re, peu de contrainte except\u00e9e la pente. Nous privil\u00e9gierons donc une diversit\u00e9 maximale des essences plant\u00e9es. <br><\/p>\n\n\n\n<ol><li>4 Technique de plantation <\/li><\/ol>\n\n\n\n<p>Les\nplantations initiales se feront moyennant une densit\u00e9 approximative\nde 2000 arbres par hectare, soit plus ou moins 1 arbre tous les 2\nm\u00e8tres dans tous les sens.<\/p>\n\n\n\n<p>D\u00e8s\nla troisi\u00e8me ann\u00e9e apr\u00e8s les premi\u00e8res plantations, d\u00e9butera le\nrec\u00e9page dans les plantations d\u2019aulne de mani\u00e8re \u00e0 limiter la\nconcurrence qu\u2019ils occasionnent vis-\u00e0-vis des ch\u00eanes, bouleaux et\n\u00e9rables plant\u00e9s en m\u00e9lange. Les premi\u00e8res coupes se feront \u00e0 une\ncinquantaine de centim\u00e8tre du sol. On rel\u00e8vera ensuite la taille en\nfonction de la hauteur des ch\u00eanes, \u00e9rables et bouleaux plant\u00e9s sur\nles rang\u00e9es voisines de mani\u00e8re \u00e0 permettre un ensoleillement\nsuffisant pour ces essences.<\/p>\n\n\n\n<p>L\u2019exploitation\ndu site par les Briqueteries se terminera vers 2027 mais les\nplantations se poursuivront jusqu\u2019en 2030 pour couvrir la parcelle\nen totalit\u00e9. Le d\u00e9pressage (suppression des arbres exc\u00e9dentaires\npour ne garder que les plus beaux sujets) d\u00e9j\u00e0 bien engag\u00e9 se\npoursuivra encore durant une dizaine d\u2019ann\u00e9es. Il sera accompagn\u00e9\nde la plantation d\u2019autres essences plus exigantes. \n<\/p>\n\n\n\n<p>La\ngestion du site devrait se terminer vers l\u2019an 2040 et le boisement\npourra alors \u00abvivre sa vie\u00bb sans intervention, si ce n\u2019est\nl\u2019entretien des all\u00e9es foresti\u00e8res. L\u2019abaissement de la nappe\nphr\u00e9atique permettra de limiter au maximum le pompage. Nous\nacc\u00e8deront ainsi \u00e0 un certain niveau de r\u00e9silience, ce qui est un\nde nos objectifs majeurs dans la gestion de la R\u00e9serve. \n<\/p>\n\n\n\n<ol><li>5 Planning de plantation sur 10 ans <\/li><\/ol>\n\n\n\n<table class=\"wp-block-table\"><tbody><tr><td>P\u00e9riode de plantation<\/td><td>Surface couverte<\/td><td>Nombre de plants<\/td><\/tr><tr><td>Hiver 2020<\/td><td>0.5 hectares<\/td><td>1000 plants<\/td><\/tr><tr><td>Hiver 2020\/2021<\/td><td>2,5 hectares<\/td><td>5000 plants<\/td><\/tr><tr><td>Hiver 2021\/2022<\/td><td>1.5 hectares<\/td><td>1000 plants<\/td><\/tr><tr><td>Hiver 2022\/2023<\/td><td>1.5 hectares<\/td><td>5000 plants <\/td><\/tr><tr><td>Hiver 2023\/2024<\/td><td>1.5 hectares<\/td><td>3000 plants <\/td><\/tr><tr><td>Hiver 2024\/2025<\/td><td>1.5 hectares<\/td><td>3000 plants<\/td><\/tr><tr><td>Hiver 2025\/2026<\/td><td>1.5 hectares<\/td><td>3000 plants<\/td><\/tr><tr><td>Hiver 2026\/2027<\/td><td>1.5 hectares<\/td><td>3000 plants<\/td><\/tr><tr><td>Hiver 2027\/2028<\/td><td>1.5 hectares<\/td><td>3000 plants<\/td><\/tr><tr><td>Hiver 2028\/2029<\/td><td>Berges apr\u00e8s fin d&rsquo;exploitation<\/td><td>2500 plants<\/td><\/tr><tr><td>Hiver 2029\/2030<\/td><td>D\u00e9pressage et nouvelles plantations<\/td><td>500 plants<\/td><\/tr><\/tbody><\/table>\n\n\n\n<p>Donc 30.000 plants \u00e0 mettre en terre en 10 ans sur cette parcelle de 15 hectares&nbsp;!<\/p>\n\n\n\n<p>2. \u00c9volution probable et  esp\u00e9r\u00e9e du site<\/p>\n\n\n\n<p>Nous pouvons compter sur la fertilisation du sol gr\u00e2ce \u00e0 l\u2019azote capt\u00e9 par l\u2019aulne et fix\u00e9 au niveau de ses racines et l\u2019apport important d\u2019azote par les feuilles tomb\u00e9es et branches coup\u00e9es (rec\u00e9page) et laiss\u00e9es sur le sol.<br>\nOn peut \u00e9galement escompter un abaissement significatif de la nappe phr\u00e9atique et donc une diminution de la quantit\u00e9 d\u2019eau \u00e0 pomper. Selon une \u00e9tude men\u00e9e par l\u2019UCL, une for\u00eat arriv\u00e9e \u00e0 maturit\u00e9 peut perdre jusqu\u2019\u00e0 1,7 litres par \u00e9vapotranspiration en un jour (juin) pour une surface d\u20191 m\u00e8tre carr\u00e9. Soit environ 250 m\u00b3 par jour pour nos 15 hectares.<br>\nQuant le peuplement aura acquis une certaine maturit\u00e9, une flore typique des for\u00eats alluviales apparaitra et les roseaux, massettes et saules auront presque disparus, except\u00e9 dans les zones maintenues ouvertes.<\/p>\n\n\n\n<p><em>3.Phytophtora alni<\/em><\/p>\n\n\n\n<p>Il s\u2019agit d\u2019un champignon provoquant le d\u00e9p\u00e9rissement des aulnes.<br>\nLes spores sont v\u00e9hicul\u00e9es par l\u2019eau et le myc\u00e9lium attaque les racines de l\u2019arbre.<\/p>\n\n\n\n<p>Les pr\u00e9cautions \u00e0 prendre dans notre cas&nbsp;:<br>\n    \u2022 Ne pas planter le long du foss\u00e9 de drainage<br>\n    \u2022 Rec\u00e9page des arbres malades en hiver. En effet le parasite semble incapable de transiter de la souche vers les rejets<br>\n    \u2022 Laisser sur place les branches coup\u00e9es lors du rec\u00e9page ou d\u00e9pressage. Eviter le broyage ou l\u2019enfouissement des d\u00e9chets<\/p>\n\n\n\n<figure class=\"wp-block-image\"><img loading=\"lazy\" width=\"329\" height=\"469\" src=\"http:\/\/rnop.ovh\/wp-content\/uploads\/2020\/07\/taches-noirs.jpg\" alt=\"\" class=\"wp-image-713\" srcset=\"https:\/\/rnop.ovh\/wp-content\/uploads\/2020\/07\/taches-noirs.jpg 329w, https:\/\/rnop.ovh\/wp-content\/uploads\/2020\/07\/taches-noirs-210x300.jpg 210w\" sizes=\"(max-width: 329px) 100vw, 329px\" \/><figcaption>Photo illustrant les taches noires qui apparaissent sur l\u2019\u00e9corce suite \u00e0 l\u2019attaque de Phytophtora alni.<\/figcaption><\/figure>\n\n\n\n<p>4. Le Bois de l&rsquo;Espoir<\/p>\n\n\n\n<p>Enfin,\npour personnaliser cette plantation, il fallait lui trouver un nom. \n\u00ab&nbsp;Le Bois de l\u2019Espoir&nbsp;\u00bb m\u2019a paru lui convenir tout\nparticuli\u00e8rement. Mais pourquoi associer le mot Espoir \u00e0 un\nboisement&nbsp;?<\/p>\n\n\n\n<p>Parce que, lorsqu\u2019on plante un\narbre, c\u2019est pour les g\u00e9n\u00e9rations \u00e0 venir. Cela sous-entend que,\nmalgr\u00e9 le catastrophisme ambiant, on a encore confiance dans un\navenir o\u00f9 il fera bon vivre pour nous, nos enfants et petits\nenfants.<\/p>\n\n\n\n<p>Parce qu\u2019on innove en voulant\nplanter un bois dans une argili\u00e8re, \u00e0 huit m\u00e8tres sous le niveau\ndu sol originel, dans un sol ponctuellement engorg\u00e9.<\/p>\n\n\n\n<p>Parce qu\u2019en stockant des quantit\u00e9s\n\u00e9normes de carbone, on participe \u00e0 la lutte contre le r\u00e9chauffement\nclimatique. Preuve qu\u2019il est encore possible d\u2019inverser un\nprocessus de destruction qui semblait irr\u00e9versible.<\/p>\n\n\n\n<h2>________________________________________________________________________________________________<br><\/h2>\n\n\n\n<h2>Appel aux b\u00e9n\u00e9voles<\/h2>\n\n\n\n<p>Pour \u00e9viter la banalisation des milieux et offrir au public un acc\u00e8s ais\u00e9 aux diff\u00e9rentes parties de la R\u00e9serve, il est n\u00e9cessaire de pratiquer un minimum d\u2019interventions.<\/p>\n\n\n\n<figure class=\"wp-block-image\"><img loading=\"lazy\" width=\"1024\" height=\"768\" src=\"http:\/\/rnop.ovh\/wp-content\/uploads\/2019\/02\/P1080413-1024x768.jpg\" alt=\"\" class=\"wp-image-331\" srcset=\"https:\/\/rnop.ovh\/wp-content\/uploads\/2019\/02\/P1080413-1024x768.jpg 1024w, https:\/\/rnop.ovh\/wp-content\/uploads\/2019\/02\/P1080413-300x225.jpg 300w, https:\/\/rnop.ovh\/wp-content\/uploads\/2019\/02\/P1080413-768x576.jpg 768w, https:\/\/rnop.ovh\/wp-content\/uploads\/2019\/02\/P1080413.jpg 2048w\" sizes=\"(max-width: 706px) 89vw, (max-width: 767px) 82vw, 740px\" \/><\/figure>\n\n\n\n<p>Sans cela, les berges et chemins se boiseraient rapidement, rendant le cheminement impossible sur le site. Sans pompage, les trous se rempliraient d\u2019eau en quelques ann\u00e9es et adieu les roseli\u00e8res et toute la fauneet la flore qui en d\u00e9pendent.<\/p>\n\n\n\n<figure class=\"wp-block-image\"><img loading=\"lazy\" width=\"768\" height=\"1024\" src=\"http:\/\/rnop.ovh\/wp-content\/uploads\/2019\/02\/P1080411-768x1024.jpg\" alt=\"\" class=\"wp-image-330\" srcset=\"https:\/\/rnop.ovh\/wp-content\/uploads\/2019\/02\/P1080411-768x1024.jpg 768w, https:\/\/rnop.ovh\/wp-content\/uploads\/2019\/02\/P1080411-225x300.jpg 225w, https:\/\/rnop.ovh\/wp-content\/uploads\/2019\/02\/P1080411.jpg 1536w\" sizes=\"(max-width: 706px) 89vw, (max-width: 767px) 82vw, 740px\" \/><\/figure>\n\n\n\n<p>Des plantations sont \u00e9galement utiles dans les zones nouvellement rendues \u00e0 la nature afin de cr\u00e9er plus de biodiversit\u00e9 dans les peuplements.<\/p>\n\n\n\n<p><\/p>\n\n\n\n<p>Ces travaux ont lieu :<\/p>\n\n\n\n<pre class=\"wp-block-code\"><code>le 4\u00b0 samedi de mars\nle 4\u00b0 samedi de juillet\nle 4\u00b0 samedi de septembre\nle 4\u00b0 samedi de novembre<\/code><\/pre>\n\n\n\n<figure class=\"wp-block-image\"><img loading=\"lazy\" width=\"1024\" height=\"768\" src=\"http:\/\/rnop.ovh\/wp-content\/uploads\/2019\/02\/P1110593-1024x768.jpg\" alt=\"\" class=\"wp-image-332\" srcset=\"https:\/\/rnop.ovh\/wp-content\/uploads\/2019\/02\/P1110593-1024x768.jpg 1024w, https:\/\/rnop.ovh\/wp-content\/uploads\/2019\/02\/P1110593-300x225.jpg 300w, https:\/\/rnop.ovh\/wp-content\/uploads\/2019\/02\/P1110593-768x576.jpg 768w, https:\/\/rnop.ovh\/wp-content\/uploads\/2019\/02\/P1110593.jpg 2048w\" sizes=\"(max-width: 706px) 89vw, (max-width: 767px) 82vw, 740px\" \/><\/figure>\n\n\n\n<p>Si la sauvegarde des milieux naturels vous int\u00e9resse et que vous souhaitez participer aux journ\u00e9es de travaux de gestion \u00e0 la RNOP, merci de nous contacter par mail en pr\u00e9cisant vos noms et pr\u00e9noms.<\/p>\n\n\n\n<figure class=\"wp-block-image\"><img loading=\"lazy\" width=\"468\" height=\"60\" src=\"http:\/\/rnop.ovh\/wp-content\/uploads\/2019\/02\/mail-1.jpg\" alt=\"\" class=\"wp-image-339\" srcset=\"https:\/\/rnop.ovh\/wp-content\/uploads\/2019\/02\/mail-1.jpg 468w, https:\/\/rnop.ovh\/wp-content\/uploads\/2019\/02\/mail-1-300x38.jpg 300w\" sizes=\"(max-width: 468px) 100vw, 468px\" \/><\/figure>\n\n\n\n<p><br><\/p>\n\n\n\n<p><\/p>\n","protected":false},"excerpt":{"rendered":"<p>Une aulnaie mar\u00e9cageuse \u00e0 Ploegsteert. Projet de boisement d\u2019une argili\u00e8re dans la R\u00e9serve Naturelle et Ornithologique de Ploegsteert (RNOP) \u2013 Juillet 2020 Yves Dubuc Introduction Les Briqueteries de Ploegsteert, propri\u00e9taires de la R\u00e9serve Naturelle et Ornithologique de Ploegsteert, ont entam\u00e9 en 2016 l\u2019excavation d\u2019une nouvelle argili\u00e8re. La fosse 4, ainsi d\u00e9nomm\u00e9e par l\u2019exploitant, se trouve &hellip; <\/p>\n<p class=\"link-more\"><a href=\"https:\/\/rnop.ovh\/?page_id=320\" class=\"more-link\">Continuer la lecture<span class=\"screen-reader-text\"> de &laquo;&nbsp;Gestion&nbsp;&raquo;<\/span><\/a><\/p>\n","protected":false},"author":1,"featured_media":0,"parent":0,"menu_order":0,"comment_status":"closed","ping_status":"closed","template":"","meta":[],"_links":{"self":[{"href":"https:\/\/rnop.ovh\/index.php?rest_route=\/wp\/v2\/pages\/320"}],"collection":[{"href":"https:\/\/rnop.ovh\/index.php?rest_route=\/wp\/v2\/pages"}],"about":[{"href":"https:\/\/rnop.ovh\/index.php?rest_route=\/wp\/v2\/types\/page"}],"author":[{"embeddable":true,"href":"https:\/\/rnop.ovh\/index.php?rest_route=\/wp\/v2\/users\/1"}],"replies":[{"embeddable":true,"href":"https:\/\/rnop.ovh\/index.php?rest_route=%2Fwp%2Fv2%2Fcomments&post=320"}],"version-history":[{"count":13,"href":"https:\/\/rnop.ovh\/index.php?rest_route=\/wp\/v2\/pages\/320\/revisions"}],"predecessor-version":[{"id":720,"href":"https:\/\/rnop.ovh\/index.php?rest_route=\/wp\/v2\/pages\/320\/revisions\/720"}],"wp:attachment":[{"href":"https:\/\/rnop.ovh\/index.php?rest_route=%2Fwp%2Fv2%2Fmedia&parent=320"}],"curies":[{"name":"wp","href":"https:\/\/api.w.org\/{rel}","templated":true}]}}