{"id":70,"date":"2019-01-27T12:42:57","date_gmt":"2019-01-27T11:42:57","guid":{"rendered":"http:\/\/rnop.ovh\/?page_id=70"},"modified":"2019-02-22T12:24:17","modified_gmt":"2019-02-22T11:24:17","slug":"visite-de-la-reserve","status":"publish","type":"page","link":"https:\/\/rnop.ovh\/?page_id=70","title":{"rendered":"Visite de la r\u00e9serve"},"content":{"rendered":"\n<p>Une visit\u00e9 guid\u00e9e gratuite est organis\u00e9e tous les premiers dimanche du mois \u00e0 9H30.<\/p>\n\n\n\n<figure class=\"wp-block-image\"><img loading=\"lazy\" width=\"1024\" height=\"573\" src=\"http:\/\/rnop.ovh\/wp-content\/uploads\/2019\/02\/ploegsteert_2017\u00a9QS_14_1024_-1024x573.jpg\" alt=\"\" class=\"wp-image-447\" srcset=\"https:\/\/rnop.ovh\/wp-content\/uploads\/2019\/02\/ploegsteert_2017\u00a9QS_14_1024_.jpg 1024w, https:\/\/rnop.ovh\/wp-content\/uploads\/2019\/02\/ploegsteert_2017\u00a9QS_14_1024_-300x168.jpg 300w, https:\/\/rnop.ovh\/wp-content\/uploads\/2019\/02\/ploegsteert_2017\u00a9QS_14_1024_-768x430.jpg 768w\" sizes=\"(max-width: 706px) 89vw, (max-width: 767px) 82vw, 740px\" \/><\/figure>\n\n\n<p><strong>R\u00e8glement<\/strong><\/p>\n<p>Pr\u00e9cisons d\u2019embl\u00e9e que l\u2019int\u00e9gralit\u00e9 du site appartient aux briqueteries de Ploegsteert et que nous sommes donc sur terrain priv\u00e9. Le public y est admis pour peu qu\u2019il respecte la tranquillit\u00e9 du site&nbsp;! Il est cependant interdit de circuler dans la r\u00e9serve entre le coucher et le lever du soleil.<\/p>\n<p>Les gestionnaires du site se sont efforc\u00e9s d\u2019am\u00e9nager le site pour le plus grand confort du promeneur. Un observatoire a \u00e9t\u00e9 construit (voir plan) pour permettre \u00e0 chacun d\u2019observer les oiseaux \u00e0 faible distance tout en limitant le d\u00e9rangement. Veillez donc \u00e0 respecter la tranquillit\u00e9 des lieux, tant pour la faune que pour les autres personnes fr\u00e9quentant l\u2019observatoire. Des bancs sont \u00e9galement dispos\u00e9s \u00e7\u00e0 et l\u00e0. Enfin, des palissades ont \u00e9t\u00e9 \u00e9rig\u00e9es aux endroits strat\u00e9giques.<\/p>\n<p>Comme dans toute r\u00e9serve naturelle, quelques r\u00e8gles doivent \u00eatre respect\u00e9es&nbsp;:<\/p>\n<ul>\n<li>il est interdit de pr\u00e9lever des plantes ou de capturer des animaux&nbsp;;<\/li>\n<li>il est interdit d\u2019introduire toute esp\u00e8ce tant animale que v\u00e9g\u00e9tale&nbsp;;<\/li>\n<li>il est d\u00e9fendu de descendre au fond des argili\u00e8res, il est donc demand\u00e9 aux promeneurs de rester sur les sentiers accessibles au public<\/li>\n<li>il est demand\u00e9 aux promeneurs de garder leur chien en laisse&nbsp;;<\/li>\n<li>tout v\u00e9hicule motoris\u00e9 est interdit sur le site&nbsp;;<\/li>\n<li>il est d\u00e9fendu de faire du feu, de piqueniquer et de nager dans les plans d\u2019eau&nbsp;;<\/li>\n<li>la p\u00eache est interdite, sauf avec permis et seulement dans les \u00e9tangs de p\u00eache&nbsp;;<\/li>\n<li>pensez enfin \u00e0 emporter vos d\u00e9tritus.<\/li>\n<\/ul>\n<p>Bonne promenade&nbsp;!<\/p>\n<p><\/p>\n\n\n<figure class=\"wp-block-image\"><img loading=\"lazy\" width=\"1024\" height=\"768\" src=\"http:\/\/rnop.ovh\/wp-content\/uploads\/2019\/02\/Bergeronnette-grise-1-1024x768.jpg\" alt=\"\" class=\"wp-image-248\" srcset=\"https:\/\/rnop.ovh\/wp-content\/uploads\/2019\/02\/Bergeronnette-grise-1-1024x768.jpg 1024w, https:\/\/rnop.ovh\/wp-content\/uploads\/2019\/02\/Bergeronnette-grise-1-300x225.jpg 300w, https:\/\/rnop.ovh\/wp-content\/uploads\/2019\/02\/Bergeronnette-grise-1-768x576.jpg 768w, https:\/\/rnop.ovh\/wp-content\/uploads\/2019\/02\/Bergeronnette-grise-1.jpg 2048w\" sizes=\"(max-width: 706px) 89vw, (max-width: 767px) 82vw, 740px\" \/><\/figure>\n","protected":false},"excerpt":{"rendered":"<p>Une visit\u00e9 guid\u00e9e gratuite est organis\u00e9e tous les premiers dimanche du mois \u00e0 9H30. R\u00e8glement Pr\u00e9cisons d\u2019embl\u00e9e que l\u2019int\u00e9gralit\u00e9 du site appartient aux briqueteries de Ploegsteert et que nous sommes donc sur terrain priv\u00e9. Le public y est admis pour peu qu\u2019il respecte la tranquillit\u00e9 du site&nbsp;! Il est cependant interdit de circuler dans la &hellip; <\/p>\n<p class=\"link-more\"><a href=\"https:\/\/rnop.ovh\/?page_id=70\" class=\"more-link\">Continuer la lecture<span class=\"screen-reader-text\"> de &laquo;&nbsp;Visite de la r\u00e9serve&nbsp;&raquo;<\/span><\/a><\/p>\n","protected":false},"author":1,"featured_media":0,"parent":0,"menu_order":0,"comment_status":"closed","ping_status":"closed","template":"","meta":[],"_links":{"self":[{"href":"https:\/\/rnop.ovh\/index.php?rest_route=\/wp\/v2\/pages\/70"}],"collection":[{"href":"https:\/\/rnop.ovh\/index.php?rest_route=\/wp\/v2\/pages"}],"about":[{"href":"https:\/\/rnop.ovh\/index.php?rest_route=\/wp\/v2\/types\/page"}],"author":[{"embeddable":true,"href":"https:\/\/rnop.ovh\/index.php?rest_route=\/wp\/v2\/users\/1"}],"replies":[{"embeddable":true,"href":"https:\/\/rnop.ovh\/index.php?rest_route=%2Fwp%2Fv2%2Fcomments&post=70"}],"version-history":[{"count":5,"href":"https:\/\/rnop.ovh\/index.php?rest_route=\/wp\/v2\/pages\/70\/revisions"}],"predecessor-version":[{"id":528,"href":"https:\/\/rnop.ovh\/index.php?rest_route=\/wp\/v2\/pages\/70\/revisions\/528"}],"wp:attachment":[{"href":"https:\/\/rnop.ovh\/index.php?rest_route=%2Fwp%2Fv2%2Fmedia&parent=70"}],"curies":[{"name":"wp","href":"https:\/\/api.w.org\/{rel}","templated":true}]}}