{"id":790,"date":"2023-09-13T10:06:05","date_gmt":"2023-09-13T08:06:05","guid":{"rendered":"http:\/\/rnop.ovh\/?page_id=790"},"modified":"2023-09-13T10:06:05","modified_gmt":"2023-09-13T08:06:05","slug":"animations","status":"publish","type":"page","link":"https:\/\/rnop.ovh\/?page_id=790","title":{"rendered":"Animations"},"content":{"rendered":"<!-- \/wp:paragraph -->\n\n<!-- wp:preformatted -->\n<pre class=\"wp-block-preformatted\"><a href=\"http:\/\/rnop.ovh\/?p=792\">LIONS 10 mars 2022, \u00e9cole communale de Comines<\/a><\/pre>\n<!-- \/wp:preformatted -->\n\n<!-- wp:paragraph -->\n<!-- \/wp:paragraph -->\n\n<!-- wp:paragraph -->\n\n<!-- \/wp:paragraph -->\n\n<!-- \/wp:paragraph -->\n\n<!-- wp:preformatted -->\n<pre class=\"wp-block-preformatted\"><a href=\"http:\/\/rnop.ovh\/?p=834\">LIONS 11 mars 2022, \u00e9cole communale de Warneton<\/a><\/pre>\n<!-- \/wp:preformatted -->\n\n<!-- wp:paragraph -->\n<!-- \/wp:paragraph -->\n\n<!-- wp:paragraph -->\n\n<!-- \/wp:paragraph -->\n\n<!-- \/wp:paragraph -->\n\n<!-- wp:preformatted -->\n<pre class=\"wp-block-preformatted\"><a href=\"http:\/\/rnop.ovh\/?p=891\">LIONS 15 novembre 2022, \u00e9cole des Aubiers, Comines<\/a><\/pre>\n<!-- \/wp:preformatted -->\n\n<!-- wp:paragraph -->\n<!-- \/wp:paragraph -->\n\n<!-- wp:paragraph -->\n\n<!-- \/wp:paragraph -->\n\n<!-- \/wp:paragraph -->\n\n<!-- wp:preformatted -->\n<pre class=\"wp-block-preformatted\"><a href=\"http:\/\/rnop.ovh\/?p=910\">LIONS 18 NOVEMBRE 2022, Ecole fondamentale St-Henri, Comines<\/a><\/pre>\n<!-- \/wp:preformatted -->\n\n<!-- wp:paragraph -->\n<!-- \/wp:paragraph -->\n\n<!-- wp:paragraph -->\n\n<!-- \/wp:paragraph -->\n\n<!-- wp:paragraph -->\n\n<!-- \/wp:paragraph -->\n\n<!-- \/wp:paragraph -->\n\n<!-- wp:preformatted -->\n<pre class=\"wp-block-preformatted\"><a href=\"http:\/\/rnop.ovh\/?p=917\">RNOP 23 ao\u00fbt 2021 Stage du patrimoine<\/a><\/pre>\n<!-- \/wp:preformatted -->\n\n<!-- wp:paragraph -->\n<!-- \/wp:paragraph -->\n\n<!-- wp:paragraph -->\n\n<!-- \/wp:paragraph -->","protected":false},"excerpt":{"rendered":"<p>LIONS 10 mars 2022, \u00e9cole communale de Comines LIONS 11 mars 2022, \u00e9cole communale de Warneton LIONS 15 novembre 2022, \u00e9cole des Aubiers, Comines LIONS 18 NOVEMBRE 2022, Ecole fondamentale St-Henri, Comines RNOP 23 ao\u00fbt 2021 Stage du patrimoine<\/p>\n","protected":false},"author":1,"featured_media":0,"parent":0,"menu_order":0,"comment_status":"closed","ping_status":"closed","template":"","meta":[],"_links":{"self":[{"href":"https:\/\/rnop.ovh\/index.php?rest_route=\/wp\/v2\/pages\/790"}],"collection":[{"href":"https:\/\/rnop.ovh\/index.php?rest_route=\/wp\/v2\/pages"}],"about":[{"href":"https:\/\/rnop.ovh\/index.php?rest_route=\/wp\/v2\/types\/page"}],"author":[{"embeddable":true,"href":"https:\/\/rnop.ovh\/index.php?rest_route=\/wp\/v2\/users\/1"}],"replies":[{"embeddable":true,"href":"https:\/\/rnop.ovh\/index.php?rest_route=%2Fwp%2Fv2%2Fcomments&post=790"}],"version-history":[{"count":10,"href":"https:\/\/rnop.ovh\/index.php?rest_route=\/wp\/v2\/pages\/790\/revisions"}],"predecessor-version":[{"id":923,"href":"https:\/\/rnop.ovh\/index.php?rest_route=\/wp\/v2\/pages\/790\/revisions\/923"}],"wp:attachment":[{"href":"https:\/\/rnop.ovh\/index.php?rest_route=%2Fwp%2Fv2%2Fmedia&parent=790"}],"curies":[{"name":"wp","href":"https:\/\/api.w.org\/{rel}","templated":true}]}}